{"id":38,"date":"2017-08-15T11:42:01","date_gmt":"2017-08-15T11:42:01","guid":{"rendered":"https:\/\/velikorodnov.com\/dev\/owlhouse\/?page_id=38"},"modified":"2023-01-23T08:22:54","modified_gmt":"2023-01-23T08:22:54","slug":"nosotros","status":"publish","type":"page","link":"https:\/\/lisel.edu.ec\/web\/nosotros\/","title":{"rendered":"Nosotros"},"content":{"rendered":"<p>[vc_row full_width=&#8221;stretch_row_content_no_spaces&#8221; parallax=&#8221;content-moving&#8221; parallax_image=&#8221;2013&#8243; parallax_opacity=&#8221;0.4&#8243; css=&#8221;.vc_custom_1674461055183{padding-top: 170px !important;padding-right: 30px !important;padding-bottom: 170px !important;padding-left: 30px !important;}&#8221; overlay_color=&#8221;#000000&#8243;][vc_column][vc_custom_heading source=&#8221;post_title&#8221; font_container=&#8221;tag:h2|font_size:55px|text_align:center|color:%23ffffff&#8221; use_theme_fonts=&#8221;&#8221; google_fonts=&#8221;font_family:Julius%20Sans%20One%3Aregular|font_style:400%20regular%3A400%3Anormal&#8221;][\/vc_column][\/vc_row][vc_row full_width=&#8221;stretch_row_content_no_spaces&#8221; equal_height=&#8221;yes&#8221; css=&#8221;.vc_custom_1631111509015{background-color: #f6f6f6 !important;}&#8221;][vc_column][vc_mad_text_with_image image=&#8221;2015&#8243;]<\/p>\n<h3><\/h3>\n<p>&nbsp;<\/p>\n<h3><span style=\"color: #000000;\">Nuestra Misi\u00f3n<\/span><\/h3>\n<div class=\"text-wrap\">\n<p style=\"text-align: justify;\">Formar j\u00f3venes felices, creativos y emprendedores, mediante propuestas pedag\u00f3gicas basadas en aprender haciendo, con respeto a la diversidad, el planeta, enfocados en la excelencia educativa.<\/p>\n<\/div>\n<p>[\/vc_mad_text_with_image][\/vc_column][\/vc_row][vc_row full_width=&#8221;stretch_row_content_no_spaces&#8221; css=&#8221;.vc_custom_1631110766461{background-color: #ffffff !important;}&#8221;][vc_column][vc_mad_text_with_image box_type=&#8221;type-2&#8243; image=&#8221;2017&#8243;]<\/p>\n<h3><\/h3>\n<p>&nbsp;<\/p>\n<h3><span style=\"color: #000000;\">Nuestra Visi\u00f3n<\/span><\/h3>\n<p style=\"text-align: justify;\">En el 2025 seremos el referente educativo en la provincia, a trav\u00e9s de nuestro modelo pedag\u00f3gico hol\u00edstico con actitud de servicio, innovaci\u00f3n constante y una formaci\u00f3n basada en el Ser para potenciar las inteligencias m\u00faltiples.<\/p>\n<p>[\/vc_mad_text_with_image][\/vc_column][\/vc_row][vc_row full_width=&#8221;stretch_row_content_no_spaces&#8221; css=&#8221;.vc_custom_1631110779847{margin-bottom: 20px !important;background-color: #f6f6f6 !important;}&#8221;][vc_column][vc_mad_text_with_image image=&#8221;1576&#8243;]<\/p>\n<h3><\/h3>\n<p>&nbsp;<\/p>\n<h3><span style=\"color: #000000;\">Nuestro Prop\u00f3sito<\/span><\/h3>\n<div class=\"text-wrap\">\n<p style=\"text-align: justify;\">Formamos j\u00f3venes integrales, felices y comprometidos con la innovaci\u00f3n, el emprendimiento y la sostenibilidad.<\/p>\n<\/div>\n<p>[\/vc_mad_text_with_image][\/vc_column][\/vc_row][vc_row full_width=&#8221;stretch_row&#8221; content_placement=&#8221;middle&#8221; parallax=&#8221;content-moving&#8221; parallax_image=&#8221;2019&#8243; css=&#8221;.vc_custom_1674462169713{margin-top: -20px !important;padding-top: 90px !important;padding-bottom: 70px !important;}&#8221; el_id=&#8221;iconos2&#8243;][vc_column][vc_mad_info_block tag_title=&#8221;h2&#8243; title_align=&#8221;align-center&#8221; description_align=&#8221;align-center&#8221; type=&#8221;type-2&#8243; columns=&#8221;3&#8243; title_color=&#8221;#ffffff&#8221; description_color=&#8221;#e9e9e9&#8243; title=&#8221;Nuestro plan de estudios&#8221; description=&#8221;Hemos innovando el modelo educativo&#8221;][vc_mad_info_block_item icon=&#8221;licon-heart&#8221; title=&#8221;Valores&#8221; icon_color=&#8221;#ffffff&#8221; title_item_color=&#8221;#ffffff&#8221;][\/vc_mad_info_block_item][vc_mad_info_block_item icon=&#8221;licon-laptop-phone&#8221; title=&#8221;Tecnolog\u00eda&#8221; icon_color=&#8221;#ffffff&#8221; title_item_color=&#8221;#ffffff&#8221;][\/vc_mad_info_block_item][vc_mad_info_block_item icon=&#8221;licon-earth&#8221; title=&#8221;Idiomas&#8221; icon_color=&#8221;#ffffff&#8221; title_item_color=&#8221;#ffffff&#8221;][\/vc_mad_info_block_item][vc_mad_info_block_item icon=&#8221;licon-group-work&#8221; title=&#8221;Comunicaci\u00f3n asertiva&#8221; icon_color=&#8221;#ffffff&#8221; title_item_color=&#8221;#ffffff&#8221;][\/vc_mad_info_block_item][vc_mad_info_block_item icon=&#8221;licon-brain&#8221; title=&#8221;Neuroling\u00fc\u00edstica&#8221; icon_color=&#8221;#ffffff&#8221; title_item_color=&#8221;#ffffff&#8221;][\/vc_mad_info_block_item][vc_mad_info_block_item icon=&#8221;licon-lamp&#8221; title=&#8221;Emprendimiento&#8221; icon_color=&#8221;#ffffff&#8221; title_item_color=&#8221;#ffffff&#8221;][\/vc_mad_info_block_item][\/vc_mad_info_block][\/vc_column][\/vc_row]<\/p>\n","protected":false},"excerpt":{"rendered":"<p>[vc_row full_width=&#8221;stretch_row_content_no_spaces&#8221; parallax=&#8221;content-moving&#8221; parallax_image=&#8221;2013&#8243; parallax_opacity=&#8221;0.4&#8243; css=&#8221;.vc_custom_1674461055183{padding-top: 170px !important;padding-right: 30px !important;padding-bottom: 170px !important;padding-left: 30px !important;}&#8221; overlay_color=&#8221;#000000&#8243;][vc_column][vc_custom_heading source=&#8221;post_title&#8221; font_container=&#8221;tag:h2|font_size:55px|text_align:center|color:%23ffffff&#8221; use_theme_fonts=&#8221;&#8221; google_fonts=&#8221;font_family:Julius%20Sans%20One%3Aregular|font_style:400%20regular%3A400%3Anormal&#8221;][\/vc_column][\/vc_row][vc_row full_width=&#8221;stretch_row_content_no_spaces&#8221; equal_height=&#8221;yes&#8221; css=&#8221;.vc_custom_1631111509015{background-color: #f6f6f6 !important;}&#8221;][vc_column][vc_mad_text_with_image image=&#8221;2015&#8243;] &nbsp; Nuestra Misi\u00f3n Formar j\u00f3venes [&hellip;]<\/p>\n","protected":false},"author":2,"featured_media":0,"parent":0,"menu_order":0,"comment_status":"closed","ping_status":"closed","template":"","meta":{"_joinchat":[],"footnotes":""},"class_list":["post-38","page","type-page","status-publish","hentry"],"_links":{"self":[{"href":"https:\/\/lisel.edu.ec\/web\/wp-json\/wp\/v2\/pages\/38","targetHints":{"allow":["GET"]}}],"collection":[{"href":"https:\/\/lisel.edu.ec\/web\/wp-json\/wp\/v2\/pages"}],"about":[{"href":"https:\/\/lisel.edu.ec\/web\/wp-json\/wp\/v2\/types\/page"}],"author":[{"embeddable":true,"href":"https:\/\/lisel.edu.ec\/web\/wp-json\/wp\/v2\/users\/2"}],"replies":[{"embeddable":true,"href":"https:\/\/lisel.edu.ec\/web\/wp-json\/wp\/v2\/comments?post=38"}],"version-history":[{"count":43,"href":"https:\/\/lisel.edu.ec\/web\/wp-json\/wp\/v2\/pages\/38\/revisions"}],"predecessor-version":[{"id":2020,"href":"https:\/\/lisel.edu.ec\/web\/wp-json\/wp\/v2\/pages\/38\/revisions\/2020"}],"wp:attachment":[{"href":"https:\/\/lisel.edu.ec\/web\/wp-json\/wp\/v2\/media?parent=38"}],"curies":[{"name":"wp","href":"https:\/\/api.w.org\/{rel}","templated":true}]}}