{"id":1978,"date":"2022-03-14T16:26:47","date_gmt":"2022-03-14T16:26:47","guid":{"rendered":"https:\/\/lisel.edu.ec\/web\/?page_id=1978"},"modified":"2022-03-14T16:27:59","modified_gmt":"2022-03-14T16:27:59","slug":"cafeteria","status":"publish","type":"page","link":"https:\/\/lisel.edu.ec\/web\/cafeteria\/","title":{"rendered":"Cafeter\u00eda"},"content":{"rendered":"<p>[vc_row][vc_column][vc_empty_space height=&#8221;55px&#8221;][vc_column_text]<\/p>\n<blockquote>\n<h3 style=\"text-align: center;\"><span style=\"color: #00c3d1;\"><em>Cafeter\u00eda<\/em><\/span><\/h3>\n<\/blockquote>\n<p>[\/vc_column_text][vc_empty_space height=&#8221;15px&#8221;][\/vc_column][\/vc_row][vc_row][vc_column width=&#8221;1\/2&#8243;][vc_single_image image=&#8221;1979&#8243; img_size=&#8221;full&#8221; alignment=&#8221;center&#8221; style=&#8221;vc_box_outline&#8221; onclick=&#8221;link_image&#8221;][\/vc_column][vc_column width=&#8221;1\/2&#8243;][vc_column_text]<\/p>\n<p style=\"text-align: justify;\">Lisel cuenta con \u00a0servicio de restaurante cafeter\u00eda para toda la comunidad escolar, \u00a0administrado por una chef reconocida en el \u00e1mbito del Servicio de Alimentaci\u00f3n Escolar, con mucha experiencia en esta \u00e1rea, adem\u00e1s cuenta con la supervisi\u00f3n T\u00e9cnica de una Nutricionista, con el fin de satisfacer las necesidades se cada uno de los estudiantes, brindar un servicio organizado, higi\u00e9nico y de alta calidad.<\/p>\n<ul style=\"text-align: justify;\">\n<li>Un \u00e1rea del comedor para 200 personas.<\/li>\n<li style=\"text-align: justify;\">Tambi\u00e9n contamos con una cafeter\u00eda disponible \u00a0para personal docente, administrativo, padres que desean desayunar, servicio de brunch, y almuerzos con costos muy accesibles y con un sabor inigualable.<\/li>\n<\/ul>\n<p style=\"text-align: justify;\">Los invitamos a que nos visiten en nuestro caf\u00e9&amp;letras \u00a0restaurante y cafeter\u00eda.<\/p>\n<p>[\/vc_column_text][\/vc_column][\/vc_row][vc_row][vc_column][vc_empty_space height=&#8221;70px&#8221;][\/vc_column][\/vc_row][vc_row full_width=&#8221;stretch_row&#8221; content_placement=&#8221;middle&#8221; parallax=&#8221;content-moving&#8221; parallax_image=&#8221;328&#8243; css=&#8221;.vc_custom_1631118384430{margin-top: -20px !important;padding-top: 90px !important;padding-bottom: 70px !important;}&#8221; el_id=&#8221;iconos2&#8243;][vc_column][vc_mad_info_block tag_title=&#8221;h2&#8243; title_align=&#8221;align-center&#8221; description_align=&#8221;align-center&#8221; type=&#8221;type-2&#8243; columns=&#8221;3&#8243; title_color=&#8221;#ffffff&#8221; description_color=&#8221;#e9e9e9&#8243; title=&#8221;Nuestro plan de estudios&#8221; description=&#8221;Hemos innovando el modelo educativo&#8221;][vc_mad_info_block_item icon=&#8221;licon-heart&#8221; title=&#8221;heart&#8221; icon_color=&#8221;#ffffff&#8221; title_item_color=&#8221;#ffffff&#8221;][\/vc_mad_info_block_item][vc_mad_info_block_item icon=&#8221;licon-laptop-phone&#8221; title=&#8221;Tecnolog\u00eda&#8221; icon_color=&#8221;#ffffff&#8221; title_item_color=&#8221;#ffffff&#8221;][\/vc_mad_info_block_item][vc_mad_info_block_item icon=&#8221;licon-earth&#8221; title=&#8221;Idiomas&#8221; icon_color=&#8221;#ffffff&#8221; title_item_color=&#8221;#ffffff&#8221;][\/vc_mad_info_block_item][vc_mad_info_block_item icon=&#8221;licon-group-work&#8221; title=&#8221;Comunicaci\u00f3n asertiva&#8221; icon_color=&#8221;#ffffff&#8221; title_item_color=&#8221;#ffffff&#8221;][\/vc_mad_info_block_item][vc_mad_info_block_item icon=&#8221;licon-brain&#8221; title=&#8221;Neuroling\u00fc\u00edstica&#8221; icon_color=&#8221;#ffffff&#8221; title_item_color=&#8221;#ffffff&#8221;][\/vc_mad_info_block_item][vc_mad_info_block_item icon=&#8221;licon-lamp&#8221; title=&#8221;Emprendimiento&#8221; icon_color=&#8221;#ffffff&#8221; title_item_color=&#8221;#ffffff&#8221;][\/vc_mad_info_block_item][\/vc_mad_info_block][\/vc_column][\/vc_row]<\/p>\n","protected":false},"excerpt":{"rendered":"<p>[vc_row][vc_column][vc_empty_space height=&#8221;55px&#8221;][vc_column_text] Cafeter\u00eda [\/vc_column_text][vc_empty_space height=&#8221;15px&#8221;][\/vc_column][\/vc_row][vc_row][vc_column width=&#8221;1\/2&#8243;][vc_single_image image=&#8221;1979&#8243; img_size=&#8221;full&#8221; alignment=&#8221;center&#8221; style=&#8221;vc_box_outline&#8221; onclick=&#8221;link_image&#8221;][\/vc_column][vc_column width=&#8221;1\/2&#8243;][vc_column_text] Lisel cuenta con \u00a0servicio de restaurante cafeter\u00eda para toda la comunidad escolar, \u00a0administrado por una chef reconocida en [&hellip;]<\/p>\n","protected":false},"author":2,"featured_media":0,"parent":0,"menu_order":0,"comment_status":"closed","ping_status":"closed","template":"","meta":{"_joinchat":[],"footnotes":""},"class_list":["post-1978","page","type-page","status-publish","hentry"],"_links":{"self":[{"href":"https:\/\/lisel.edu.ec\/web\/wp-json\/wp\/v2\/pages\/1978","targetHints":{"allow":["GET"]}}],"collection":[{"href":"https:\/\/lisel.edu.ec\/web\/wp-json\/wp\/v2\/pages"}],"about":[{"href":"https:\/\/lisel.edu.ec\/web\/wp-json\/wp\/v2\/types\/page"}],"author":[{"embeddable":true,"href":"https:\/\/lisel.edu.ec\/web\/wp-json\/wp\/v2\/users\/2"}],"replies":[{"embeddable":true,"href":"https:\/\/lisel.edu.ec\/web\/wp-json\/wp\/v2\/comments?post=1978"}],"version-history":[{"count":3,"href":"https:\/\/lisel.edu.ec\/web\/wp-json\/wp\/v2\/pages\/1978\/revisions"}],"predecessor-version":[{"id":1982,"href":"https:\/\/lisel.edu.ec\/web\/wp-json\/wp\/v2\/pages\/1978\/revisions\/1982"}],"wp:attachment":[{"href":"https:\/\/lisel.edu.ec\/web\/wp-json\/wp\/v2\/media?parent=1978"}],"curies":[{"name":"wp","href":"https:\/\/api.w.org\/{rel}","templated":true}]}}